 1143.
127
Calculate the greatest common factor of 275 and 25.
25
What is the greatest common factor of 105 and 483?
21
Calculate the greatest common divisor of 657 and 9.
9
Calculate the greatest common divisor of 1254 and 76.
38
What is the highest common factor of 195 and 520?
65
Calculate the highest common factor of 1247 and 43.
43
What is the greatest common divisor of 1862 and 114?
38
Calculate the greatest common factor of 1 and 2837.
1
What is the highest common factor of 46 and 161?
23
Calculate the highest common factor of 6 and 96.
6
Calculate the greatest common divisor of 255 and 270.
15
Calculate the highest common divisor of 1292 and 140.
4
What is the greatest common factor of 77 and 70?
7
What is the greatest common divisor of 21 and 161?
7
Calculate the highest common factor of 72 and 248.
8
What is the highest common factor of 202 and 303?
101
Calculate the highest common divisor of 30563 and 13.
13
Calculate the highest common factor of 19938 and 6.
6
What is the greatest common factor of 34 and 187?
17
What is the greatest common divisor of 1495 and 39?
13
Calculate the greatest common divisor of 46976 and 367.
367
Calculate the greatest common divisor of 24 and 3.
3
What is the highest common divisor of 246 and 6?
6
What is the highest common factor of 60 and 180?
60
Calculate the greatest common divisor of 3886 and 58.
58
What is the highest common divisor of 90 and 171?
9
What is the greatest common factor of 2706 and 123?
123
Calculate the highest common divisor of 32 and 11664.
16
What is the greatest common divisor of 8 and 6?
2
What is the highest common factor of 924 and 4389?
231
What is the highest common factor of 252 and 28?
28
Calculate the greatest common factor of 8736 and 78.
78
What is the greatest common divisor of 2440 and 16?
8
Calculate the greatest common divisor of 155 and 1333.
31
Calculate the highest common factor of 35 and 175.
35
Calculate the highest common divisor of 216 and 11376.
72
What is the highest common factor of 182 and 23478?
182
Calculate the greatest common divisor of 1 and 17.
1
Calculate the greatest common divisor of 2945 and 380.
95
Calculate the greatest common factor of 285 and 342.
57
What is the greatest common factor of 180 and 60?
60
Calculate the greatest common factor of 60 and 54420.
60
Calculate the greatest common divisor of 30 and 12590.
10
Calculate the greatest common divisor of 16 and 80.
16
Calculate the greatest common factor of 23 and 184.
23
Calculate the greatest common factor of 17 and 9.
1
What is the greatest common factor of 11074 and 452?
226
What is the greatest common factor of 378 and 14?
14
What is the highest common factor of 938 and 112?
14
What is the greatest common divisor of 872 and 763?
109
Calculate the greatest common factor of 76 and 2945.
19
Calculate the greatest common divisor of 11775 and 5.
5
Calculate the highest common divisor of 68 and 493.
17
Calculate the greatest common divisor of 42 and 28.
14
Calculate the greatest common factor of 132 and 11022.
66
Calculate the highest common divisor of 539 and 22.
11
Calculate the highest common divisor of 60 and 5145.
15
Calculate the greatest common factor of 99 and 6.
3
What is the highest common divisor of 14310 and 540?
270
What is the highest common divisor of 128 and 248?
8
What is the highest common divisor of 308 and 220?
44
What is the greatest common factor of 165 and 66?
33
Calculate the greatest common factor of 4 and 121.
1
What is the highest common factor of 256 and 10304?
64
Calculate the highest common factor of 159 and 106.
53
Calculate the greatest common divisor of 54 and 675.
27
What is the greatest common factor of 1857 and 3?
3
Calculate the greatest common divisor of 39 and 1833.
39
What is the greatest common divisor of 126 and 954?
18
Calculate the highest common divisor of 59121 and 9.
9
Calculate the highest common factor of 76 and 76.
76
What is the highest common divisor of 36 and 1149?
3
Calculate the highest common factor of 91 and 196.
7
What is the greatest common factor of 2745 and 120?
15
Calculate the greatest common divisor of 33 and 891.
33
Calculate the highest common factor of 174 and 30.
6
Calculate the highest common factor of 48 and 35664.
48
Calculate the greatest common divisor of 28542 and 1278.
426
Calculate the greatest common divisor of 488 and 80.
8
What is the greatest common divisor of 47988 and 62?
62
Calculate the highest common factor of 28 and 1092.
28
Calculate the greatest common divisor of 117 and 1629.
9
Calculate the greatest common factor of 1044 and 24.
12
Calculate the highest common factor of 30 and 4530.
30
What is the highest common divisor of 128 and 48?
16
What is the greatest common divisor of 34605 and 45?
45
Calculate the highest common divisor of 32 and 1152.
32
What is the highest common factor of 21 and 17913?
21
What is the greatest common factor of 105 and 63?
21
What is the highest common divisor of 45 and 11007?
9
What is the greatest common factor of 18 and 696?
6
Calculate the highest common factor of 1293 and 21.
3
What is the highest common divisor of 82 and 6?
2
Calculate the greatest common factor of 59402 and 14.
14
What is the highest common divisor of 60 and 50?
10
Calculate the greatest common factor of 4 and 4.
4
Calculate the greatest common factor of 608 and 1888.
32
What is the highest common factor of 1328 and 44?
4
Calculate the greatest common divisor of 40 and 60.
20
What is the greatest common factor of 4185 and 310?
155
What is the greatest common factor of 59 and 944?
59
What is the highest common factor of 88 and 968?
88
What is the highest common divisor of 3604 and 636?
212
Calculate the greatest common divisor of 2997 and 222.
111
What is the greatest common factor of 874 and 38?
38
Calculate the highest common factor of 1110 and 60.
30
What is the highest common divisor of 4184 and 8?
8
What is the highest common divisor of 417 and 2641?
139
Calculate the highest common factor of 10 and 6830.
10
What is the greatest common divisor of 350 and 826?
14
What is the greatest common factor of 279 and 1612?
31
Calculate the highest common factor of 3 and 216.
3
Calculate the highest common factor of 26 and 520.
26
What is the greatest common factor of 361 and 19?
19
What is the greatest common divisor of 141 and 11797?
47
What is the greatest common divisor of 3510 and 325?
65
Calculate the greatest common divisor of 192 and 1020.
12
What is the greatest common divisor of 66 and 750?
6
Calculate the highest common divisor of 3275 and 75.
25
What is the greatest common divisor of 756 and 84?
84
What is the highest common divisor of 365 and 80?
5
Calculate the greatest common divisor of 57 and 1881.
57
Calculate the highest common divisor of 48 and 51.
3
Calculate the greatest common factor of 4 and 54.
2
What is the greatest common factor of 44 and 36?
4
Calculate the greatest common divisor of 13209 and 238.
119
What is the greatest common divisor of 70497 and 189?
189
Calculate the highest common factor of 1177 and 321.
107
What is the highest common factor of 108 and 189?
27
Calculate the highest common factor of 7338 and 12.
6
Calculate the highest common factor of 60 and 2500.
20
Calculate the highest common divisor of 5075 and 25.
25
What is the highest common factor of 1240 and 120?
40
Calculate the highest common factor of 32 and 432.
16
Calculate the highest common factor of 92 and 12.
4
Calculate the highest common factor of 12 and 834.
6
Calculate the highest common factor of 6768 and 18.
18
What is the highest common factor of 12 and 96?
12
Calculate the highest common factor of 3293 and 222.
37
Calculate the greatest common factor of 192 and 48.
48
Calculate the greatest common divisor of 2320 and 10.
10
What is the greatest common divisor of 38 and 556?
2
What is the highest common factor of 12 and 6330?
6
Calculate the greatest common divisor of 810 and 2592.
162
What is the greatest common factor of 110 and 66?
22
Calculate the highest common factor of 145 and 377.
29
What is the greatest common factor of 90 and 120?
30
What is the highest common divisor of 32 and 2?
2
What is the highest common factor of 171 and 54?
9
Calculate the greatest common factor of 1615 and 76.
